atest common factor of 455 and v?
65
Suppose 0 = -5*g + 4*j - 2*j + 83, j = 2*g - 34. Let i(v) = v**2 - 7*v - 107. Let d be i(0). Let s = d - -152. Calculate the greatest common factor of g and s.
15
Suppose -2*v = -4*i - 1046 - 162, 3*i + 606 = v. Suppose -16*n - 136 = -v. Calculate the highest common divisor of 4 and n.
1
Suppose -2*o + 460 = -2*x, 2*o + 4*x - 392 = 68. Calculate the highest common divisor of o and 125.
5
Let t = -671 - -711. Suppose 9*d = t*d - 1054. Calculate the highest common divisor of d and 17.
17
Let z = -1483 - -1714. Let w = 0 - 4. Let v be -2 - 4/(w/23). Calculate the highest common divisor of v and z.
21
Suppose 5*a - 2*w - 1029 = 0, -969 = -5*a + w + 63. Suppose 20*d = 25*d + 30, 3*z = -3*d + 9. Calculate the greatest common divisor of a and z.
9
Let n = 44 - 14. Let l be (5/(-4))/(7347/(-1224) + (94 - 88)). What is the greatest common factor of l and n?
30
Let q(g) = 10*g + 32. Let w be q(-6). Let z be ((-456)/10)/((w/(-35))/(-4)). What is the greatest common divisor of 12 and z?
12
Let w = -188 + 260. Suppose 5*c + 108 = 2*k, -10*c - 270 = -5*k - 8*c. Calculate the highest common factor of w and k.
18
Suppose -5*x = -5*y + 6675, -13*y + x = -15*y + 2658. What is the highest common factor of y and 11?
11
Suppose -53 = -g - 3*q, 184 = 5*g + 24*q - 18*q. Suppose 0 = -3*l - 1 - 11. Let v be (-386)/(-10) - l/10. What is the highest common divisor of v and g?
13
Let y = -4978 + 6658. Calculate the highest common divisor of 720 and y.
240
Suppose 2*t - 16524 = 3*j, 4*t + 41310 = 9*t + j. Suppose t = 26*z - 9*z. What is the highest common divisor of 54 and z?
54
Let a(y) = -25 + 27*y + y**3 + 0*y - 24*y**2 + 7*y - 6*y. Let f be a(23). Suppose -f = -5*n - 4*n. Calculate the highest common factor of 2 and n.
2
Let u(g) = 3*g - 18. Let m be u(9). Let s be (-4)/(60/m) + (-76)/(-10). Calculate the highest common factor of s and 77.
7
Let x(a) be the first derivative of -239*a**2/2 + 3*a - 1. Let v be (3 - (3 - -3))/3. Let y be x(v). What is the greatest common divisor of 22 and y?
22
Let f(q) = 6*q**2 + 4*q - 5. Let t be f(1). Suppose 2 + 2 = 2*p, t*v - 12 = -p. Calculate the greatest common factor of v and 18.
2
Let q(n) be the first derivative of -5*n**2 - 25*n - 83. Let b be q(-3). Suppose -2*f = 2*f - 40. What is the greatest common factor of f and b?
5
Let c(v) = -5*v**2 + 325*v - 273. Let a be c(64). Calculate the greatest common divisor of 987 and a.
47
Suppose 0 = -x + 4, -4*u + 5*u + 10 = 2*x. Let f be ((-164)/(-16) - u) + (-1)/4. What is the highest common factor of f and 48?
12
Let r be ((-36)/(-5))/((-13)/(-18980)). Calculate the highest common factor of 16 and r.
16
Let u be -63 + 66 + (681/6 - (-2)/(-4)). Calculate the highest common factor of 2146 and u.
58
Let i be 748/51 + (-2)/3. Let c = 93 + -88. Suppose -2*a - n = -7, -3*a - c*n + 7 = -7*a. Calculate the highest common divisor of i and a.
2
Suppose -4*f = 3*h - 31, 2*h - 17 = -2*f + 1. Suppose 3*d - 920 + 14 = -2*k, -h*k = -2*d - 2303. Calculate the greatest common factor of 17 and k.
17
Let h(l) = l**3 - 5*l**2 - 22*l + 14216. Let s be h(0). Calculate the greatest common factor of s and 8.
8
Suppose 0 = -5*f - 0*h - 2*h + 233, 70 = 2*f - 5*h. What is the highest common divisor of f and 18?
9
Let p(n) = 5*n**2 + 60*n - 806. Let a be p(11). What is the highest common factor of 216 and a?
27
Let o = -561 - -350. Let n = o + 387. Calculate the highest common factor of n and 4.
4
Let k(x) = -6*x**3 - 74*x**2 - 29*x + 5. Let t be k(-12). What is the greatest common factor of t and 26?
13
Let h be ((-1045)/(-38))/((-26)/(-780)). Suppose -5*a + 18 = -132. What is the greatest common divisor of h and a?
15
Let l = -6572 - -6660. Calculate the greatest common divisor of l and 4796.
44
Let x be -183*5/(-15)*1. Let v = 61 - x. Suppose -17*z + 14*z + 192 = v. Calculate the greatest common divisor of 8 and z.
8
Let x be 102*(-10 + 184/16). Suppose -145 = -5*r + 5*s - 0*s, 2*s = 4*r - 126. What is the greatest common factor of r and x?
17
Let i(k) = -k**3 + 22*k**2 - 36*k + 10. Let p be i(7). Calculate the highest common divisor of 68 and p.
17
Let g = 95 - 91. Suppose g*w - 315 = n + 773, 0 = -4*n. What is the greatest common factor of w and 17?
17
Let s be 2/(-10) - 18/(-15). Let c be s/(1/2*(-38)/(-95)). Calculate the greatest common divisor of 5 and c.
5
Let v = 188 - 400. Let x = v - -421. Calculate the greatest common divisor of x and 11.
11
Let l = -59 - -84. Suppose -l = -r + 3*a, 7*a - 3*a - 23 = -3*r. Suppose -2*z + 45 = r. What is the greatest common factor of z and 40?
8
Let a(d) be the first derivative of 40*d**3/3 + 5*d**2/2 + 5*d + 71. Let u be a(-3). What is the highest common divisor of 50 and u?
50
Suppose 0 = -c + 5*i - 19, -3*c - 17 = 3*i + 4. Let o be ((-4)/(-6))/(12*c/(-34992)). Calculate the greatest common divisor of o and 24.
24
Let v be (-92)/(-1)*(-62)/(-31). Let b = 185 - v. What is the highest common factor of 2 and b?
1
Let k(b) = -44*b + 5740. Let l be k(60). What is the greatest common divisor of 600 and l?
100
Suppose -1746 = -c - 34*j + 29*j, -3*c + 5214 = 3*j. Calculate the highest common factor of 32 and c.
8
Let s(r) = -6*r**2 + 16*r + 36. Let b be s(3). What is the highest common factor of 3630 and b?
30
Let a(r) = 18*r**2 - 66*r - 16. Let d be a(-10). Calculate the greatest common factor of 39 and d.
13
Suppose -11*a + 322 + 74 = 0. Calculate the greatest common factor of a and 5004.
36
Let z = -3105 - -3369. What is the greatest common divisor of z and 1122?
66
Let g(c) = -c**3 - 3*c**2 - 2*c + 1. Let q be g(-2). Let s be 10/(q - 16/17). Calculate the highest common factor of s and 68.
34
Suppose 4*d - 18559 = -3*z, 5*z + 586 + 8739 = 2*d. What is the greatest common factor of d and 5?
5
Let d(n) = 3*n**2 - 9*n + 10. Let x be d(13). Let u be 900/14 - (6 + x/(-70)). Calculate the greatest common factor of 352 and u.
32
Suppose -5*h + 3 + 20 = o, 0 = 3*h - 12. Calculate the highest common divisor of 13 and o.
1
Suppose 135*t + 158*t = 24026. What is the highest common divisor of t and 18368?
82
Suppose -20325*d - 2233 = -20336*d. Calculate the highest common divisor of d and 35.
7
Suppose 3*r + 12 = 0, -6*u + 3390 = -14*r + 17*r. Calculate the highest common factor of u and 42.
21
Let a = -1426 + 2194. Suppose -21*x = -9*x - a. Calculate the highest common factor of x and 16.
16
Let m = 40 - 25. Let l be 0 - -3 - (1 - 35). Suppose -3*z = 3*w - 360, -277 = -2*z + 3*w - l. What is the greatest common factor of z and m?
15
Let n(t) = 104*t**3 + 1. Let l be 5*(4 + 80/(-25)). Suppose -23*j + l = -19*j. Let r be n(j). Calculate the highest common divisor of r and 42.
21
Let t(h) = 2*h**3 - 10*h**2 + 11*h + 11. Suppose 8*q - 30 = 2*q. Let p be t(q). Calculate the highest common factor of 88 and p.
22
Let f be (-77)/(3*1 - (2629/154 - 14)). What is the highest common factor of 490 and f?
98
Suppose 51*q - 54*q + o + 36816 = 0, 2*q - 24546 = o. Calculate the greatest common divisor of 15 and q.
15
Let h be (3/(-8))/(1191/(-327128)). Calculate the greatest common divisor of 29 and h.
1
Let x be -21 + (-4520)/(-200) + (-302)/(-5). What is the highest common divisor of 1891 and x?
31
Suppose 4*o - 5*r - 63 = 0, r + 4*r + 41 = 3*o. Suppose 2*t - 146 + 31 = -a, 70 = t + 3*a. What is the greatest common divisor of o and t?
11
Let x(a) = -19*a + 271. Suppose 0 = 23*q - 182 - 117. Let v be x(q). Let h = 302 - 38. What is the highest common factor of h and v?
24
Let s(l) = -5*l**3 - 10*l - 10. Let r be s(-1). Calculate the greatest common divisor of r and 1185.
5
Let n(y) = 21*y. Let b(m) = m**3 - 14*m**2 + 11*m + 30. Let w be b(13). Let d be n(w). What is the greatest common divisor of 1344 and d?
84
Suppose 273*l + 0*l - 34902 + 2415 = 0. Calculate the highest common factor of 6273 and l.
17
Let r(z) = 15*z**2. Let h be r(1). Suppose 10*k - 48 - 22 = 0. Let j(s) = 5*s - 20. Let q be j(k). What is the greatest common divisor of h and q?
15
Let t(j) = -j + 7 - j - j. Let r be t(-5). Let l(o) = 216*o + 282. Let u be l(-1). Calculate the greatest common factor of r and u.
22
Let s(l) = -122*l**3 + 2*l**2 + 21*l + 34. Let z be s(-2). What is the greatest common divisor of 80 and z?
16
Suppose -2*k + 8 = 5*o - 18, -5*k = 5*o - 50. Suppose 616 = 9*